is the remainder when 320019 is divided by 106663?
30
What is the remainder when 12306 is divided by 489?
81
Calculate the remainder when 25273 is divided by 71.
68
Calculate the remainder when 3008 is divided by 144.
128
Calculate the remainder when 2270 is divided by 2165.
105
Calculate the remainder when 62706 is divided by 312.
306
Calculate the remainder when 4852 is divided by 23.
22
What is the remainder when 146075 is divided by 397?
376
Calculate the remainder when 1784 is divided by 179.
173
What is the remainder when 222892 is divided by 18?
16
Calculate the remainder when 73190 is divided by 12197.
8
Calculate the remainder when 1121 is divided by 424.
273
What is the remainder when 17707 is divided by 513?
265
What is the remainder when 5486 is divided by 261?
5
Calculate the remainder when 4629 is divided by 578.
5
What is the remainder when 35300 is divided by 14?
6
Calculate the remainder when 208031 is divided by 59.
56
What is the remainder when 12511 is divided by 34?
33
Calculate the remainder when 2724 is divided by 29.
27
Calculate the remainder when 464 is divided by 33.
2
What is the remainder when 48059 is divided by 7998?
71
Calculate the remainder when 4989 is divided by 119.
110
Calculate the remainder when 12950 is divided by 417.
23
What is the remainder when 6207 is divided by 3097?
13
Calculate the remainder when 1389045 is divided by 463015.
0
Calculate the remainder when 1016 is divided by 230.
96
Calculate the remainder when 59598 is divided by 25.
23
Calculate the remainder when 5390 is divided by 1683.
341
Calculate the remainder when 2232 is divided by 123.
18
What is the remainder when 82829 is divided by 5?
4
Calculate the remainder when 15292 is divided by 589.
567
What is the remainder when 1509 is divided by 41?
33
Calculate the remainder when 15894 is divided by 49.
18
Calculate the remainder when 289480 is divided by 494.
490
Calculate the remainder when 18721 is divided by 18603.
118
Calculate the remainder when 2608135 is divided by 776.
775
Calculate the remainder when 80997 is divided by 27.
24
What is the remainder when 630804 is divided by 29?
25
What is the remainder when 1047 is divided by 188?
107
What is the remainder when 35979 is divided by 13?
8
What is the remainder when 62697 is divided by 10?
7
What is the remainder when 13488 is divided by 1519?
1336
What is the remainder when 72889 is divided by 1301?
33
What is the remainder when 42695 is divided by 331?
327
Calculate the remainder when 2892 is divided by 63.
57
Calculate the remainder when 923 is divided by 108.
59
Calculate the remainder when 104622 is divided by 93.
90
What is the remainder when 7544 is divided by 7532?
12
What is the remainder when 1067357 is divided by 56?
53
What is the remainder when 151954 is divided by 74?
32
Calculate the remainder when 972123 is divided by 652.
643
What is the remainder when 17968 is divided by 30?
28
What is the remainder when 226030 is divided by 7794?
4
Calculate the remainder when 3378 is divided by 170.
148
What is the remainder when 4923 is divided by 1636?
15
Calculate the remainder when 9209 is divided by 383.
17
What is the remainder when 2724 is divided by 29?
27
What is the remainder when 105694 is divided by 96?
94
Calculate the remainder when 138319 is divided by 560.
559
Calculate the remainder when 1727 is divided by 256.
191
Calculate the remainder when 70483 is divided by 3062.
57
Calculate the remainder when 37198 is divided by 1771.
7
Calculate the remainder when 22836 is divided by 2075.
11
Calculate the remainder when 53323 is divided by 45.
43
What is the remainder when 35422 is divided by 5060?
2
What is the remainder when 10936 is divided by 3630?
46
Calculate the remainder when 1538 is divided by 1203.
335
Calculate the remainder when 7144 is divided by 108.
16
What is the remainder when 1015 is divided by 507?
1
Calculate the remainder when 1233065 is divided by 43.
40
What is the remainder when 35273 is divided by 11751?
20
Calculate the remainder when 322 is divided by 244.
78
What is the remainder when 17948 is divided by 95?
88
What is the remainder when 817188 is divided by 40?
28
Calculate the remainder when 52181 is divided by 194.
189
What is the remainder when 10356 is divided by 203?
3
Calculate the remainder when 1774 is divided by 972.
802
Calculate the remainder when 73312 is divided by 600.
112
What is the remainder when 270156 is divided by 138?
90
Calculate the remainder when 1756 is divided by 1627.
129
Calculate the remainder when 75826 is divided by 32.
18
What is the remainder when 35316 is divided by 728?
372
Calculate the remainder when 775981 is divided by 18046.
3
Calculate the remainder when 193 is divided by 28.
25
Calculate the remainder when 3698 is divided by 1814.
70
Calculate the remainder when 697484 is divided by 170.
144
What is the remainder when 7530 is divided by 649?
391
Calculate the remainder when 51644 is divided by 21.
5
Calculate the remainder when 20874 is divided by 409.
15
Calculate the remainder when 753952 is divided by 51.
19
Calculate the remainder when 5295 is divided by 66.
15
Calculate the remainder when 673 is divided by 125.
48
Calculate the remainder when 1757446 is divided by 36.
34
Calculate the remainder when 153797 is divided by 76893.
11
What is the remainder when 337992 is divided by 185?
182
What is the remainder when 290 is divided by 287?
3
Calculate the remainder when 2890 is divided by 2260.
630
What is the remainder when 40914 is divided by 3408?
18
What is the remainder when 121545 is divided by 214?
207
What is the remainder when 37389 is divided by 118?
101
What is the remainder when 20748 is divided by 506?
2
Calculate the remainder when 56926 is divided by 42.
16
Calculate the remainder when 99052 is divided by 288.
268
Calculate the remainder when 10263 is divided by 2049.
18
Calculate the remainder when 454233 is divided by 766.
761
Calculate the remainder when 17556 is divided by 502.
488
Calculate the remainder when 69920 is divided by 5.
0
Calculate the remainder when 15708 is divided by 1308.
12
What is the remainder when 1731608 is divided by 678?
674
What is the remainder when 64306 is divided by 64282?
24
What is the remainder when 2725 is divided by 94?
93
Calculate the remainder when 32922 is divided by 96.
90
Calculate the remainder when 1044471 is divided by 3.
0
Calculate the remainder when 2088 is divided by 19.
17
What is the remainder when 81076 is divided by 11580?
16
What is the remainder when 45708 is divided by 520?
468
Calculate the remainder when 84643 is divided by 262.
17
What is the remainder when 29545 is divided by 1631?
187
What is the remainder when 234267 is divided by 343?
341
What is the remainder when 422005 is divided by 471?
460
What is the remainder when 13438 is divided by 224?
222
Calculate the remainder when 280249 is divided by 950.
949
Calculate the remainder when 7776 is divided by 1238.
348
Calculate the remainder when 5847 is divided by 1603.
1038
What is the remainder when 3648 is divided by 22?
18
Calculate the remainder when 122008 is divided by 14.
12
Calculate the remainder when 1352 is divided by 510.
332
Calculate the remainder when 1284621 is divided by 428203.
12
What is the remainder when 5546 is divided by 222?
218
What is the remainder when 1277 is divided by 80?
77
What is the remainder when 7122 is divided by 26?
24
What is the remainder when 1690 is divided by 121?
117
Calculate the remainder when 404 is divided by 190.
24
Calculate the remainder when 96000 is divided by 192.
0
What is the remainder when 4890 is divided by 1559?
213
What is the remainder when 484749 is divided by 10?
9
Calculate the remainder when 19427 is divided by 3885.
2
What is the remainder when 2213 is divided by 95?
28
What is the remainder when 6178 is divided by 2498?
1182
Calculate the remainder when 72028 is divided by 294.
292
Calculate the remainder when 4684 is divided by 46.
38
Calculate the remainder when 11090 is divided by 2771.
6
What is the remainder when 11740 is divided by 71?
25
Calculate the remainder when 125595 is divided by 50.
45
Calculate the remainder when 998 is divided by 523.
475
What is the remainder when 1077 is divided by 